emainder when 138506 is divided by 22915?
1016
Calculate the remainder when 144439927 is divided by 3209776.
7
What is the remainder when 2361570 is divided by 50?
20
Calculate the remainder when 111044 is divided by 940.
124
What is the remainder when 1162997 is divided by 116287?
127
What is the remainder when 594231 is divided by 594215?
16
Calculate the remainder when 101554 is divided by 9796.
3594
Calculate the remainder when 6980729 is divided by 173.
6
What is the remainder when 12630260 is divided by 245?
20
Calculate the remainder when 63826 is divided by 2527.
651
Calculate the remainder when 5136094 is divided by 61142.
166
Calculate the remainder when 725756 is divided by 1322.
1300
Calculate the remainder when 40642 is divided by 12263.
3853
What is the remainder when 2257069 is divided by 901?
64
Calculate the remainder when 53526526 is divided by 291.
277
Calculate the remainder when 156830 is divided by 30.
20
What is the remainder when 12824 is divided by 12548?
276
Calculate the remainder when 10362860 is divided by 5835.
5735
What is the remainder when 3073042 is divided by 328?
10
What is the remainder when 4005757 is divided by 220?
217
Calculate the remainder when 23205236 is divided by 301365.
131
Calculate the remainder when 4173107 is divided by 695504.
83
Calculate the remainder when 903886 is divided by 818.
814
What is the remainder when 3528137 is divided by 9693?
9578
Calculate the remainder when 1914577 is divided by 147269.
80
Calculate the remainder when 29099403 is divided by 90.
63
What is the remainder when 153380 is divided by 121?
73
What is the remainder when 662406 is divided by 145?
46
What is the remainder when 116828052 is divided by 285?
282
Calculate the remainder when 9042021 is divided by 3002.
2999
What is the remainder when 293206 is divided by 71901?
5602
Calculate the remainder when 382222 is divided by 95554.
6
What is the remainder when 120134 is divided by 39802?
728
What is the remainder when 154859 is divided by 9?
5
Calculate the remainder when 8051282 is divided by 54.
44
Calculate the remainder when 944325627 is divided by 23.
22
Calculate the remainder when 117118 is divided by 411.
394
Calculate the remainder when 261787 is divided by 71.
10
What is the remainder when 22755 is divided by 829?
372
What is the remainder when 301840 is divided by 3144?
16
Calculate the remainder when 120730 is divided by 28609.
6294
Calculate the remainder when 2560018 is divided by 4077.
3739
What is the remainder when 3709379 is divided by 6?
5
What is the remainder when 156577695 is divided by 3726?
3723
Calculate the remainder when 7256581 is divided by 256.
5
Calculate the remainder when 3588582 is divided by 50537.
455
What is the remainder when 604161 is divided by 54921?
30
What is the remainder when 5320137 is divided by 1673?
1670
Calculate the remainder when 144429 is divided by 178.
71
What is the remainder when 37639703 is divided by 2352481?
7
Calculate the remainder when 27945213 is divided by 11196.
11193
What is the remainder when 115190524 is divided by 846?
10
What is the remainder when 135331139 is divided by 196?
195
Calculate the remainder when 299276423 is divided by 7175.
7173
Calculate the remainder when 17839 is divided by 4430.
119
What is the remainder when 1183343 is divided by 145?
143
Calculate the remainder when 26784810 is divided by 652.
650
What is the remainder when 4549581 is divided by 497?
43
What is the remainder when 11733965 is divided by 95?
40
Calculate the remainder when 89632 is divided by 3985.
1962
What is the remainder when 125786 is divided by 1876?
94
Calculate the remainder when 12578883 is divided by 1305.
1293
Calculate the remainder when 351985 is divided by 14075.
110
What is the remainder when 4202738 is divided by 58367?
314
What is the remainder when 69964 is divided by 22383?
2815
What is the remainder when 3175195 is divided by 41?
32
Calculate the remainder when 341279 is divided by 240.
239
Calculate the remainder when 206603 is divided by 2.
1
Calculate the remainder when 19082245 is divided by 9541103.
39
What is the remainder when 5071867 is divided by 156?
151
What is the remainder when 217732 is divided by 2?
0
Calculate the remainder when 4638729 is divided by 23.
20
Calculate the remainder when 20878890 is divided by 3113.
3112
Calculate the remainder when 3486946 is divided by 60099.
1204
What is the remainder when 6314 is divided by 148?
98
What is the remainder when 438835 is divided by 109695?
55
Calculate the remainder when 20684 is divided by 628.
588
What is the remainder when 897404 is divided by 112167?
68
What is the remainder when 32680 is divided by 6530?
30
What is the remainder when 248433 is divided by 249?
180
What is the remainder when 35529 is divided by 986?
33
What is the remainder when 2098618 is divided by 10493?
18
Calculate the remainder when 76270 is divided by 848.
798
What is the remainder when 230111 is divided by 353?
308
What is the remainder when 9686170 is divided by 2777?
2771
What is the remainder when 89483771 is divided by 43?
40
Calculate the remainder when 334252261 is divided by 17.
12
What is the remainder when 10160451 is divided by 31?
15
What is the remainder when 13358993 is divided by 366?
359
Calculate the remainder when 208900 is divided by 5366.
4992
What is the remainder when 150132 is divided by 37124?
1636
Calculate the remainder when 3001055890 is divided by 737.
734
What is the remainder when 364984 is divided by 323?
317
Calculate the remainder when 7740011 is divided by 450.
11
Calculate the remainder when 111950 is divided by 303.
143
What is the remainder when 16343 is divided by 8115?
113
What is the remainder when 297820 is divided by 3?
1
What is the remainder when 312209584 is divided by 338?
336
What is the remainder when 269334 is divided by 13950?
4284
Calculate the remainder when 4017832 is divided by 19695.
52
Calculate the remainder when 8544346 is divided by 714.
622
Calculate the remainder when 19720 is divided by 6855.
6010
Calculate the remainder when 16742272 is divided by 380505.
52
What is the remainder when 4412343 is divided by 45488?
7
Calculate the remainder when 193762797 is divided by 1080.
1077
Calculate the remainder when 112305 is divided by 11020.
2105
Calculate the remainder when 6165679 is divided by 96.
79
What is the remainder when 1647931 is divided by 3695?
3656
Calculate the remainder when 41305963 is divided by 99.
94
What is the remainder when 124818 is divided by 2066?
858
Calculate the remainder when 1755757 is divided by 826.
507
What is the remainder when 1262927 is divided by 1268?
1267
What is the remainder when 4457473 is divided by 26067?
16
Calculate the remainder when 45395586 is divided by 8533.
26
What is the remainder when 197468784 is divided by 1577?
1575
What is the remainder when 4673141 is divided by 18?
17
Calculate the remainder when 86234925 is divided by 52.
49
What is the remainder when 23571 is divided by 1157?
431
Calculate the remainder when 249943 is divided by 124443.
1057
Calculate the remainder when 1690822 is divided by 1690712.
110
Calculate the remainder when 115347195 is divided by 1072.
1067
Calculate the remainder when 28774 is divided by 4763.
196
Calculate the remainder when 2148782 is divided by 537188.
30
What is the remainder when 12057650 is divided by 1358?
1326
Calculate the remainder when 258328601 is divided by 963.
962
Calculate the remainder when 33120546 is divided by 179.
176
Calculate the remainder when 182770848 is divided by 10456.
10424
Calculate the remainder when 19711559 is divided by 87998.
7
Calculate the remainder when 10632960 is divided by 441.
9
What is the remainder when 858578 is divided by 111?
104
Calculate the remainder when 61230767 is divided by 78.
65
What is the remainder when 288879 is divided by 57160?
3079
Calculate the remainder when 90258 is divided by 30066.
60
Calculate the remainder when 849007 is divided by 169799.
12
Calculate the remainder when 932079 is divided by 61.
60
What is the remainder when 6155679 is divided by 49?
5
Calculate the remainder when 160570334 is divided by 1738.
1728
Calculate the remainder when 313649 is divided by 5132.
597
What is 